Sindbad~EG File Manager
securedomain.website:443 199.192.25.17 - - [20/Aug/2025:12:20:23 +0000] "POST /wp-cron.php?doing_wp_cron=1755692423.0197389125823974609375 HTTP/1.1" 200 0 "-" "WordPress/6.8.2; https://tankrun.com"
securedomain.website:443 217.160.7.246 - - [20/Aug/2025:12:20:23 +0000] "POST /xmlrpc.php HTTP/1.1" 403 415 "-" "Mozilla/5.0 (Windows NT 10.0; Win64; x64; rv:42.0) Gecko/20100101 Firefox/42.0"
securedomain.website:443 199.192.25.17 - - [20/Aug/2025:12:37:05 +0000] "POST /wp-cron.php?doing_wp_cron=1755693425.1530840396881103515625 HTTP/1.1" 200 0 "-" "WordPress/6.8.2; https://tankrun.com"
securedomain.website:443 20.171.207.209 - - [20/Aug/2025:12:37:06 +0000] "GET /wp-admin/admin.php?page=WordfenceScan HTTP/1.1" 404 164 "-" "Mozilla/5.0 AppleWebKit/537.36 (KHTML, like Gecko; compatible; GPTBot/1.2; +https://openai.com/gptbot)"
securedomain.website:443 20.171.207.209 - - [20/Aug/2025:12:37:09 +0000] "GET /?_wfsf=removeAlertEmail&%3Bjwt=eyJhbGciOiJIUzI1NiIsInR5cCI6IkpXVCJ9.eyJlbWFpbCI6InN1cHBvcnRAdGFua3J1bi5jb20iLCJfZXhwIjoxNjc2NDY1NTUyfQ.4rtDR6jYFJYDyZ6j3RDMUfRYRo4mjCStaeUD_kN2azQ HTTP/1.1" 200 5421 "-" "Mozilla/5.0 AppleWebKit/537.36 (KHTML, like Gecko; compatible; GPTBot/1.2; +https://openai.com/gptbot)"
securedomain.website:80 199.192.25.17 - - [20/Aug/2025:12:54:26 +0000] "GET /.well-known/acme-challenge/7SO7A-RGSHT3MFHDK54DLBGN3FGBXNQS HTTP/1.1" 200 64 "-" "Cpanel-HTTP-Client/1.0"
securedomain.website:80 199.192.25.17 - - [20/Aug/2025:12:54:30 +0000] "GET /.well-known/acme-challenge/R0SFCBRBR6E47XJKOSLMPZYZOCJPBO1R HTTP/1.1" 200 64 "-" "Cpanel-HTTP-Client/1.0"
securedomain.website:80 199.192.25.17 - - [20/Aug/2025:12:54:30 +0000] "GET /.well-known/acme-challenge/RE971B7-V0MOSM4QEI7IDOJB0OHQUG4R HTTP/1.1" 200 64 "-" "Cpanel-HTTP-Client/1.0"
securedomain.website:80 199.192.25.17 - - [20/Aug/2025:12:54:53 +0000] "GET /.well-known/acme-challenge/OL9V_ONFN4A1-L9BVGMKR_8V2NB_CM08 HTTP/1.1" 200 64 "-" "Cpanel-HTTP-Client/1.0"
securedomain.website:80 199.192.25.17 - - [20/Aug/2025:12:54:53 +0000] "GET /.well-known/acme-challenge/L7KPJ8GMK7_J5Q4RM9T-2GL9QP1TE6EY HTTP/1.1" 200 64 "-" "Cpanel-HTTP-Client/1.0"
securedomain.website:80 199.192.25.17 - - [20/Aug/2025:13:05:18 +0000] "POST /wp-cron.php?doing_wp_cron=1755695118.4566800594329833984375 HTTP/1.1" 200 0 "-" "WordPress/6.8.2; https://tankrun.com"
securedomain.website:80 20.171.207.55 - - [20/Aug/2025:13:05:23 +0000] "GET /zb_system/login.php HTTP/1.1" 403 2023 "-" "Mozilla/5.0 AppleWebKit/537.36 (KHTML, like Gecko; compatible; GPTBot/1.2; +https://openai.com/gptbot)"
securedomain.website:80 20.171.207.209 - - [20/Aug/2025:13:05:25 +0000] "GET / HTTP/1.1" 301 0 "-" "Mozilla/5.0 AppleWebKit/537.36 (KHTML, like Gecko; compatible; GPTBot/1.2; +https://openai.com/gptbot)"
securedomain.website:80 20.171.207.55 - - [20/Aug/2025:13:05:25 +0000] "GET /apps/admin/view/default/layui/css/layui.css HTTP/1.1" 301 0 "-" "Mozilla/5.0 AppleWebKit/537.36 (KHTML, like Gecko; compatible; GPTBot/1.2; +https://openai.com/gptbot)"
securedomain.website:443 20.171.207.209 - - [20/Aug/2025:13:05:26 +0000] "GET / HTTP/1.1" 200 5238 "-" "Mozilla/5.0 AppleWebKit/537.36 (KHTML, like Gecko; compatible; GPTBot/1.2; +https://openai.com/gptbot)"
securedomain.website:80 20.171.207.209 - - [20/Aug/2025:13:05:28 +0000] "GET /lol.php HTTP/1.1" 403 2023 "-" "Mozilla/5.0 AppleWebKit/537.36 (KHTML, like Gecko; compatible; GPTBot/1.2; +https://openai.com/gptbot)"
securedomain.website:443 20.171.207.55 - - [20/Aug/2025:13:05:28 +0000] "GET /apps/admin/view/default/layui/css/layui.css HTTP/1.1" 301 0 "-" "Mozilla/5.0 AppleWebKit/537.36 (KHTML, like Gecko; compatible; GPTBot/1.2; +https://openai.com/gptbot)"
securedomain.website:80 20.171.207.55 - - [20/Aug/2025:13:05:29 +0000] "GET / HTTP/1.1" 301 0 "-" "Mozilla/5.0 AppleWebKit/537.36 (KHTML, like Gecko; compatible; GPTBot/1.2; +https://openai.com/gptbot)"
securedomain.website:443 20.171.207.55 - - [20/Aug/2025:13:05:29 +0000] "GET / HTTP/1.1" 301 0 "-" "Mozilla/5.0 AppleWebKit/537.36 (KHTML, like Gecko; compatible; GPTBot/1.2; +https://openai.com/gptbot)"
securedomain.website:80 20.171.207.209 - - [20/Aug/2025:13:05:30 +0000] "GET /archivarix.cms.php HTTP/1.1" 403 2023 "-" "Mozilla/5.0 AppleWebKit/537.36 (KHTML, like Gecko; compatible; GPTBot/1.2; +https://openai.com/gptbot)"
securedomain.website:80 20.171.207.55 - - [20/Aug/2025:13:05:32 +0000] "GET /e/data/images/arrow.gif HTTP/1.1" 301 0 "-" "Mozilla/5.0 AppleWebKit/537.36 (KHTML, like Gecko; compatible; GPTBot/1.2; +https://openai.com/gptbot)"
securedomain.website:80 20.171.207.209 - - [20/Aug/2025:13:05:32 +0000] "GET /web_system.php HTTP/1.1" 403 2023 "-" "Mozilla/5.0 AppleWebKit/537.36 (KHTML, like Gecko; compatible; GPTBot/1.2; +https://openai.com/gptbot)"
securedomain.website:443 20.171.207.55 - - [20/Aug/2025:13:05:32 +0000] "GET /e/data/images/arrow.gif HTTP/1.1" 301 0 "-" "Mozilla/5.0 AppleWebKit/537.36 (KHTML, like Gecko; compatible; GPTBot/1.2; +https://openai.com/gptbot)"
securedomain.website:80 20.171.207.209 - - [20/Aug/2025:13:05:35 +0000] "GET /consystem.php HTTP/1.1" 403 2023 "-" "Mozilla/5.0 AppleWebKit/537.36 (KHTML, like Gecko; compatible; GPTBot/1.2; +https://openai.com/gptbot)"
securedomain.website:80 20.171.207.209 - - [20/Aug/2025:13:05:37 +0000] "GET /license.php HTTP/1.1" 403 2023 "-" "Mozilla/5.0 AppleWebKit/537.36 (KHTML, like Gecko; compatible; GPTBot/1.2; +https://openai.com/gptbot)"
securedomain.website:80 20.171.207.209 - - [20/Aug/2025:13:05:40 +0000] "GET /z.php HTTP/1.1" 403 2023 "-" "Mozilla/5.0 AppleWebKit/537.36 (KHTML, like Gecko; compatible; GPTBot/1.2; +https://openai.com/gptbot)"
securedomain.website:80 20.171.207.209 - - [20/Aug/2025:13:05:43 +0000] "GET /var.php HTTP/1.1" 403 2023 "-" "Mozilla/5.0 AppleWebKit/537.36 (KHTML, like Gecko; compatible; GPTBot/1.2; +https://openai.com/gptbot)"
securedomain.website:443 20.171.207.209 - - [20/Aug/2025:13:05:45 +0000] "GET /wp-login HTTP/1.1" 404 164 "-" "Mozilla/5.0 AppleWebKit/537.36 (KHTML, like Gecko; compatible; GPTBot/1.2; +https://openai.com/gptbot)"
securedomain.website:80 20.171.207.209 - - [20/Aug/2025:13:05:48 +0000] "GET /_css.php HTTP/1.1" 403 2023 "-" "Mozilla/5.0 AppleWebKit/537.36 (KHTML, like Gecko; compatible; GPTBot/1.2; +https://openai.com/gptbot)"
securedomain.website:80 20.171.207.209 - - [20/Aug/2025:13:05:50 +0000] "GET /log.php HTTP/1.1" 403 2023 "-" "Mozilla/5.0 AppleWebKit/537.36 (KHTML, like Gecko; compatible; GPTBot/1.2; +https://openai.com/gptbot)"
securedomain.website:80 20.171.207.209 - - [20/Aug/2025:13:05:53 +0000] "GET /ser.php HTTP/1.1" 403 2023 "-" "Mozilla/5.0 AppleWebKit/537.36 (KHTML, like Gecko; compatible; GPTBot/1.2; +https://openai.com/gptbot)"
securedomain.website:80 20.171.207.209 - - [20/Aug/2025:13:05:55 +0000] "GET /composere.php HTTP/1.1" 403 2023 "-" "Mozilla/5.0 AppleWebKit/537.36 (KHTML, like Gecko; compatible; GPTBot/1.2; +https://openai.com/gptbot)"
securedomain.website:80 20.171.207.209 - - [20/Aug/2025:13:05:58 +0000] "GET /404.php HTTP/1.1" 403 2023 "-" "Mozilla/5.0 AppleWebKit/537.36 (KHTML, like Gecko; compatible; GPTBot/1.2; +https://openai.com/gptbot)"
securedomain.website:80 20.171.207.209 - - [20/Aug/2025:13:06:01 +0000] "GET /composer.php HTTP/1.1" 403 2023 "-" "Mozilla/5.0 AppleWebKit/537.36 (KHTML, like Gecko; compatible; GPTBot/1.2; +https://openai.com/gptbot)"
securedomain.website:80 20.171.207.209 - - [20/Aug/2025:13:06:03 +0000] "GET /0x.php HTTP/1.1" 403 2023 "-" "Mozilla/5.0 AppleWebKit/537.36 (KHTML, like Gecko; compatible; GPTBot/1.2; +https://openai.com/gptbot)"
securedomain.website:80 20.171.207.209 - - [20/Aug/2025:13:06:06 +0000] "GET /conf1g.php HTTP/1.1" 403 2023 "-" "Mozilla/5.0 AppleWebKit/537.36 (KHTML, like Gecko; compatible; GPTBot/1.2; +https://openai.com/gptbot)"
securedomain.website:80 20.171.207.209 - - [20/Aug/2025:13:06:08 +0000] "GET /about.php HTTP/1.1" 403 2023 "-" "Mozilla/5.0 AppleWebKit/537.36 (KHTML, like Gecko; compatible; GPTBot/1.2; +https://openai.com/gptbot)"
securedomain.website:80 20.171.207.209 - - [20/Aug/2025:13:06:11 +0000] "GET /0byte.php HTTP/1.1" 403 2023 "-" "Mozilla/5.0 AppleWebKit/537.36 (KHTML, like Gecko; compatible; GPTBot/1.2; +https://openai.com/gptbot)"
securedomain.website:80 20.171.207.209 - - [20/Aug/2025:13:06:13 +0000] "GET /by.php HTTP/1.1" 403 2023 "-" "Mozilla/5.0 AppleWebKit/537.36 (KHTML, like Gecko; compatible; GPTBot/1.2; +https://openai.com/gptbot)"
securedomain.website:80 20.171.207.209 - - [20/Aug/2025:13:06:16 +0000] "GET /fw.php HTTP/1.1" 403 2023 "-" "Mozilla/5.0 AppleWebKit/537.36 (KHTML, like Gecko; compatible; GPTBot/1.2; +https://openai.com/gptbot)"
securedomain.website:80 20.171.207.209 - - [20/Aug/2025:13:06:18 +0000] "GET /xml.php HTTP/1.1" 403 2023 "-" "Mozilla/5.0 AppleWebKit/537.36 (KHTML, like Gecko; compatible; GPTBot/1.2; +https://openai.com/gptbot)"
securedomain.website:443 20.171.207.209 - - [20/Aug/2025:13:06:21 +0000] "GET /2022/11/27/hello-world/ HTTP/1.1" 200 5261 "-" "Mozilla/5.0 AppleWebKit/537.36 (KHTML, like Gecko; compatible; GPTBot/1.2; +https://openai.com/gptbot)"
securedomain.website:80 20.171.207.209 - - [20/Aug/2025:13:06:23 +0000] "GET /wp-login.php HTTP/1.1" 404 164 "-" "Mozilla/5.0 AppleWebKit/537.36 (KHTML, like Gecko; compatible; GPTBot/1.2; +https://openai.com/gptbot)"
securedomain.website:80 20.171.207.209 - - [20/Aug/2025:13:06:26 +0000] "GET /pub/errors/503.php HTTP/1.1" 403 2023 "-" "Mozilla/5.0 AppleWebKit/537.36 (KHTML, like Gecko; compatible; GPTBot/1.2; +https://openai.com/gptbot)"
securedomain.website:443 20.171.207.209 - - [20/Aug/2025:13:06:28 +0000] "GET /apps/admin/view/default/layui/css/layui.css HTTP/1.1" 200 5281 "-" "Mozilla/5.0 AppleWebKit/537.36 (KHTML, like Gecko; compatible; GPTBot/1.2; +https://openai.com/gptbot)"
securedomain.website:443 20.171.207.209 - - [20/Aug/2025:13:06:31 +0000] "GET /e/data/images/arrow.gif HTTP/1.1" 200 5261 "-" "Mozilla/5.0 AppleWebKit/537.36 (KHTML, like Gecko; compatible; GPTBot/1.2; +https://openai.com/gptbot)"
securedomain.website:443 199.192.25.17 - - [20/Aug/2025:13:14:42 +0000] "POST /wp-cron.php?doing_wp_cron=1755695682.3769569396972656250000 HTTP/1.1" 200 0 "-" "WordPress/6.8.2; https://tankrun.com"
securedomain.website:443 20.171.207.97 - - [20/Aug/2025:13:14:45 +0000] "GET /sitemap.xml HTTP/1.1" 200 5254 "-" "Mozilla/5.0 AppleWebKit/537.36 (KHTML, like Gecko; compatible; GPTBot/1.2; +https://openai.com/gptbot)"
securedomain.website:443 20.171.207.209 - - [20/Aug/2025:13:14:46 +0000] "GET /wp-admin/theme-install.php HTTP/1.1" 404 164 "-" "Mozilla/5.0 AppleWebKit/537.36 (KHTML, like Gecko; compatible; GPTBot/1.2; +https://openai.com/gptbot)"
securedomain.website:80 20.171.207.97 - - [20/Aug/2025:13:14:48 +0000] "GET /sitemap.xml HTTP/1.1" 301 0 "-" "Mozilla/5.0 AppleWebKit/537.36 (KHTML, like Gecko; compatible; GPTBot/1.2; +https://openai.com/gptbot)"
securedomain.website:443 20.171.207.209 - - [20/Aug/2025:13:14:48 +0000] "GET /wp-admin/profile.php HTTP/1.1" 404 164 "-" "Mozilla/5.0 AppleWebKit/537.36 (KHTML, like Gecko; compatible; GPTBot/1.2; +https://openai.com/gptbot)"
securedomain.website:443 20.171.207.97 - - [20/Aug/2025:13:14:49 +0000] "GET /sitemap.xml HTTP/1.1" 200 5254 "-" "Mozilla/5.0 AppleWebKit/537.36 (KHTML, like Gecko; compatible; GPTBot/1.2; +https://openai.com/gptbot)"
securedomain.website:80 20.171.207.209 - - [20/Aug/2025:13:14:49 +0000] "GET /wp-admin/themes.php HTTP/1.1" 302 0 "-" "Mozilla/5.0 AppleWebKit/537.36 (KHTML, like Gecko; compatible; GPTBot/1.2; +https://openai.com/gptbot)"
securedomain.website:443 20.171.207.209 - - [20/Aug/2025:13:14:51 +0000] "GET /wp-admin/themes.php HTTP/1.1" 404 164 "-" "Mozilla/5.0 AppleWebKit/537.36 (KHTML, like Gecko; compatible; GPTBot/1.2; +https://openai.com/gptbot)"
securedomain.website:443 199.192.25.17 - - [20/Aug/2025:13:18:44 +0000] "POST /wp-cron.php?doing_wp_cron=1755695924.3085799217224121093750 HTTP/1.1" 200 0 "-" "WordPress/6.8.2; https://tankrun.com"
securedomain.website:443 20.171.207.209 - - [20/Aug/2025:13:18:44 +0000] "GET /wp-admin/admin.php?filter_ip=63.250.38.202&page=cerber-security&tab=activity HTTP/1.1" 404 164 "-" "Mozilla/5.0 AppleWebKit/537.36 (KHTML, like Gecko; compatible; GPTBot/1.2; +https://openai.com/gptbot)"
securedomain.website:443 20.171.207.209 - - [20/Aug/2025:13:18:45 +0000] "GET /securezone/ HTTP/1.1" 200 4972 "-" "Mozilla/5.0 AppleWebKit/537.36 (KHTML, like Gecko; compatible; GPTBot/1.2; +https://openai.com/gptbot)"
securedomain.website:443 20.171.207.209 - - [20/Aug/2025:13:18:47 +0000] "GET /wp-admin/admin.php?page=cerber-security&tab=lockouts HTTP/1.1" 404 164 "-" "Mozilla/5.0 AppleWebKit/537.36 (KHTML, like Gecko; compatible; GPTBot/1.2; +https://openai.com/gptbot)"
securedomain.website:443 20.171.207.209 - - [20/Aug/2025:13:18:48 +0000] "GET /wp-includes/js/underscore.min.js?ver=1.13.7 HTTP/1.1" 200 18905 "-" "Mozilla/5.0 AppleWebKit/537.36 (KHTML, like Gecko; compatible; GPTBot/1.2; +https://openai.com/gptbot)"
securedomain.website:443 20.171.207.209 - - [20/Aug/2025:13:18:50 +0000] "GET /wp-includes/js/dist/a11y.min.js?ver=3156534cc54473497e14 HTTP/1.1" 200 2358 "-" "Mozilla/5.0 AppleWebKit/537.36 (KHTML, like Gecko; compatible; GPTBot/1.2; +https://openai.com/gptbot)"
securedomain.website:443 20.171.207.209 - - [20/Aug/2025:13:18:52 +0000] "GET /wp-admin/load-scripts.php?c=0&load%5Bchunk_0%5D=clipboard%2Cjquery-core%2Cjquery-migrate%2Czxcvbn-async%2Cwp-hooks&ver=6.8.2 HTTP/1.1" 200 115308 "-" "Mozilla/5.0 AppleWebKit/537.36 (KHTML, like Gecko; compatible; GPTBot/1.2; +https://openai.com/gptbot)"
securedomain.website:443 20.171.207.209 - - [20/Aug/2025:13:18:53 +0000] "GET /wp-admin/js/user-profile.min.js?ver=6.8.2 HTTP/1.1" 200 6862 "-" "Mozilla/5.0 AppleWebKit/537.36 (KHTML, like Gecko; compatible; GPTBot/1.2; +https://openai.com/gptbot)"
securedomain.website:443 20.171.207.209 - - [20/Aug/2025:13:18:54 +0000] "GET /wp-includes/js/wp-util.min.js?ver=6.8.2 HTTP/1.1" 200 1426 "-" "Mozilla/5.0 AppleWebKit/537.36 (KHTML, like Gecko; compatible; GPTBot/1.2; +https://openai.com/gptbot)"
securedomain.website:443 20.171.207.209 - - [20/Aug/2025:13:18:56 +0000] "GET /securezone/?action=lostpassword HTTP/1.1" 200 2475 "-" "Mozilla/5.0 AppleWebKit/537.36 (KHTML, like Gecko; compatible; GPTBot/1.2; +https://openai.com/gptbot)"
securedomain.website:443 20.171.207.209 - - [20/Aug/2025:13:18:57 +0000] "GET /wp-includes/js/dist/dom-ready.min.js?ver=f77871ff7694fffea381 HTTP/1.1" 200 457 "-" "Mozilla/5.0 AppleWebKit/537.36 (KHTML, like Gecko; compatible; GPTBot/1.2; +https://openai.com/gptbot)"
securedomain.website:443 20.171.207.209 - - [20/Aug/2025:13:18:58 +0000] "GET /wp-admin/load-styles.php?c=0&dir=ltr&load%5Bchunk_0%5D=dashicons%2Cbuttons%2Cforms%2Cl10n%2Clogin&ver=6.8.2 HTTP/1.1" 200 103175 "-" "Mozilla/5.0 AppleWebKit/537.36 (KHTML, like Gecko; compatible; GPTBot/1.2; +https://openai.com/gptbot)"
securedomain.website:443 20.171.207.209 - - [20/Aug/2025:13:18:59 +0000] "GET /wp-admin/js/password-strength-meter.min.js?ver=6.8.2 HTTP/1.1" 200 1123 "-" "Mozilla/5.0 AppleWebKit/537.36 (KHTML, like Gecko; compatible; GPTBot/1.2; +https://openai.com/gptbot)"
securedomain.website:443 20.171.207.209 - - [20/Aug/2025:13:19:00 +0000] "GET /wp-includes/js/dist/i18n.min.js?ver=5e580eb46a90c2b997e6 HTTP/1.1" 200 9141 "-" "Mozilla/5.0 AppleWebKit/537.36 (KHTML, like Gecko; compatible; GPTBot/1.2; +https://openai.com/gptbot)"
securedomain.website:443 20.171.207.209 - - [20/Aug/2025:13:19:01 +0000] "GET /wp-admin/images/wordpress-logo.svg?ver=20131107 HTTP/1.1" 200 1521 "-" "Mozilla/5.0 AppleWebKit/537.36 (KHTML, like Gecko; compatible; GPTBot/1.2; +https://openai.com/gptbot)"
securedomain.website:443 20.171.207.209 - - [20/Aug/2025:13:19:02 +0000] "GET /wp-admin/images/loading.gif HTTP/1.1" 200 1368 "-" "Mozilla/5.0 AppleWebKit/537.36 (KHTML, like Gecko; compatible; GPTBot/1.2; +https://openai.com/gptbot)"
securedomain.website:443 20.171.207.209 - - [20/Aug/2025:13:19:04 +0000] "GET /wp-admin/images/w-logo-blue.png?ver=20131202 HTTP/1.1" 200 3113 "-" "Mozilla/5.0 AppleWebKit/537.36 (KHTML, like Gecko; compatible; GPTBot/1.2; +https://openai.com/gptbot)"
securedomain.website:443 20.171.207.209 - - [20/Aug/2025:13:19:05 +0000] "GET /wp-includes/fonts/dashicons.ttf?99ac726223c749443b642ce33df8b800 HTTP/1.1" 200 56392 "-" "Mozilla/5.0 AppleWebKit/537.36 (KHTML, like Gecko; compatible; GPTBot/1.2; +https://openai.com/gptbot)"
securedomain.website:443 20.171.207.209 - - [20/Aug/2025:13:19:06 +0000] "GET /wp-includes/fonts/dashicons.eot?99ac726223c749443b642ce33df8b800 HTTP/1.1" 200 56564 "-" "Mozilla/5.0 AppleWebKit/537.36 (KHTML, like Gecko; compatible; GPTBot/1.2; +https://openai.com/gptbot)"
securedomain.website:80 199.192.25.17 - - [20/Aug/2025:13:23:57 +0000] "POST /wp-cron.php?doing_wp_cron=1755696237.4427530765533447265625 HTTP/1.1" 200 0 "-" "WordPress/6.8.2; https://tankrun.com"
securedomain.website:80 161.35.168.193 - - [20/Aug/2025:13:23:57 +0000] "GET / HTTP/1.1" 301 0 "-" "Mozilla/5.0 (X11; Linux x86_64) AppleWebKit/537.36 (KHTML, like Gecko) Chrome/139.0.0.0 Safari/537.36"
securedomain.website:443 161.35.168.193 - - [20/Aug/2025:13:24:00 +0000] "GET / HTTP/1.1" 200 5238 "-" "Mozilla/5.0 (X11; Linux x86_64) AppleWebKit/537.36 (KHTML, like Gecko) Chrome/139.0.0.0 Safari/537.36"
securedomain.website:443 161.35.168.193 - - [20/Aug/2025:13:24:04 +0000] "GET /wp-content/uploads/2023/05/leo-tank_resize.jpg HTTP/1.1" 200 32230 "https://tankrun.com/" "Mozilla/5.0 (X11; Linux x86_64) AppleWebKit/537.36 (KHTML, like Gecko) Chrome/139.0.0.0 Safari/537.36"
securedomain.website:80 135.220.178.245 - - [20/Aug/2025:13:31:29 +0000] "GET /.alf.php HTTP/1.1" 403 2023 "-" "-"
securedomain.website:80 135.220.178.245 - - [20/Aug/2025:13:31:30 +0000] "GET /.bod/.ll/ss.php HTTP/1.1" 403 2023 "-" "-"
securedomain.website:80 135.220.178.245 - - [20/Aug/2025:13:31:31 +0000] "GET /.well-known/about/function.php HTTP/1.1" 403 2023 "-" "-"
securedomain.website:80 135.220.178.245 - - [20/Aug/2025:13:31:32 +0000] "GET /.well-known/classwithtostring.php HTTP/1.1" 403 2023 "-" "-"
securedomain.website:80 135.220.178.245 - - [20/Aug/2025:13:31:33 +0000] "GET /.well-known/index.php HTTP/1.1" 403 2023 "-" "-"
securedomain.website:80 135.220.178.245 - - [20/Aug/2025:13:31:34 +0000] "GET /.well-known/radio.php HTTP/1.1" 403 2023 "-" "-"
securedomain.website:80 135.220.178.245 - - [20/Aug/2025:13:31:35 +0000] "GET /10.php HTTP/1.1" 403 2023 "-" "-"
securedomain.website:80 135.220.178.245 - - [20/Aug/2025:13:31:35 +0000] "GET /12.php HTTP/1.1" 403 2023 "-" "-"
securedomain.website:80 135.220.178.245 - - [20/Aug/2025:13:31:36 +0000] "GET /13k.php HTTP/1.1" 403 2023 "-" "-"
securedomain.website:80 135.220.178.245 - - [20/Aug/2025:13:31:37 +0000] "GET /87.php HTTP/1.1" 403 2023 "-" "-"
securedomain.website:80 135.220.178.245 - - [20/Aug/2025:13:31:38 +0000] "GET /about.php HTTP/1.1" 403 2023 "-" "-"
securedomain.website:80 135.220.178.245 - - [20/Aug/2025:13:31:39 +0000] "GET /about/function.php HTTP/1.1" 403 2023 "-" "-"
securedomain.website:80 135.220.178.245 - - [20/Aug/2025:13:31:40 +0000] "GET /admin.php HTTP/1.1" 403 2023 "-" "-"
securedomain.website:80 135.220.178.245 - - [20/Aug/2025:13:31:41 +0000] "GET /admin/admin.php HTTP/1.1" 403 2023 "-" "-"
securedomain.website:80 135.220.178.245 - - [20/Aug/2025:13:31:42 +0000] "GET /admin/function.php HTTP/1.1" 403 2023 "-" "-"
securedomain.website:80 135.220.178.245 - - [20/Aug/2025:13:31:43 +0000] "GET /admin/index.php HTTP/1.1" 403 2023 "-" "-"
securedomain.website:80 135.220.178.245 - - [20/Aug/2025:13:31:44 +0000] "GET /adminfuns.php HTTP/1.1" 403 2023 "-" "-"
securedomain.website:80 135.220.178.245 - - [20/Aug/2025:13:31:45 +0000] "GET /akc.php HTTP/1.1" 403 2023 "-" "-"
securedomain.website:80 199.192.25.17 - - [20/Aug/2025:13:31:46 +0000] "POST /wp-cron.php?doing_wp_cron=1755696706.0583739280700683593750 HTTP/1.1" 200 0 "-" "WordPress/6.8.2; https://tankrun.com"
securedomain.website:80 135.220.178.245 - - [20/Aug/2025:13:31:46 +0000] "GET /xleet HTTP/1.1" 301 0 "-" "-"
securedomain.website:80 199.192.25.17 - - [20/Aug/2025:15:03:44 +0000] "POST /wp-cron.php?doing_wp_cron=1755702223.8621718883514404296875 HTTP/1.1" 200 0 "-" "WordPress/6.8.2; https://tankrun.com"
securedomain.website:80 118.195.165.218 - - [20/Aug/2025:15:03:44 +0000] "GET / HTTP/1.1" 301 0 "-" "Mozilla/5.0 (iPhone; CPU iPhone OS 13_2_3 like Mac OS X) AppleWebKit/605.1.15 (KHTML, like Gecko) Version/13.0.3 Mobile/15E148 Safari/604.1"
securedomain.website:443 118.195.165.218 - - [20/Aug/2025:15:03:49 +0000] "GET / HTTP/1.1" 301 0 "http://www.tankrun.com" "Mozilla/5.0 (iPhone; CPU iPhone OS 13_2_3 like Mac OS X) AppleWebKit/605.1.15 (KHTML, like Gecko) Version/13.0.3 Mobile/15E148 Safari/604.1"
securedomain.website:443 118.195.165.218 - - [20/Aug/2025:15:03:54 +0000] "GET / HTTP/1.1" 200 5249 "https://www.tankrun.com/" "Mozilla/5.0 (iPhone; CPU iPhone OS 13_2_3 like Mac OS X) AppleWebKit/605.1.15 (KHTML, like Gecko) Version/13.0.3 Mobile/15E148 Safari/604.1"
securedomain.website:443 199.192.25.17 - - [20/Aug/2025:15:06:37 +0000] "POST /wp-cron.php?doing_wp_cron=1755702397.6286010742187500000000 HTTP/1.1" 200 0 "-" "WordPress/6.8.2; https://tankrun.com"
securedomain.website:443 20.171.207.209 - - [20/Aug/2025:15:06:39 +0000] "GET /wp-admin/admin.php?filter_ip=45.114.227.239&page=cerber-security&tab=activity HTTP/1.1" 404 164 "-" "Mozilla/5.0 AppleWebKit/537.36 (KHTML, like Gecko; compatible; GPTBot/1.2; +https://openai.com/gptbot)"
securedomain.website:80 199.192.25.17 - - [20/Aug/2025:15:33:45 +0000] "POST /wp-cron.php?doing_wp_cron=1755704024.9135680198669433593750 HTTP/1.1" 200 0 "-" "WordPress/6.8.2; https://tankrun.com"
securedomain.website:80 20.171.207.97 - - [20/Aug/2025:15:33:45 +0000] "GET / HTTP/1.1" 301 0 "-" "Mozilla/5.0 AppleWebKit/537.36 (KHTML, like Gecko; compatible; GPTBot/1.2; +https://openai.com/gptbot)"
securedomain.website:443 20.171.207.97 - - [20/Aug/2025:15:33:46 +0000] "GET / HTTP/1.1" 200 5243 "-" "Mozilla/5.0 AppleWebKit/537.36 (KHTML, like Gecko; compatible; GPTBot/1.2; +https://openai.com/gptbot)"
securedomain.website:80 20.171.207.209 - - [20/Aug/2025:15:33:47 +0000] "GET /administrator/ HTTP/1.1" 301 0 "-" "Mozilla/5.0 AppleWebKit/537.36 (KHTML, like Gecko; compatible; GPTBot/1.2; +https://openai.com/gptbot)"
securedomain.website:443 20.171.207.209 - - [20/Aug/2025:15:33:48 +0000] "GET /administrator/ HTTP/1.1" 200 5252 "-" "Mozilla/5.0 AppleWebKit/537.36 (KHTML, like Gecko; compatible; GPTBot/1.2; +https://openai.com/gptbot)"
securedomain.website:80 20.171.207.209 - - [20/Aug/2025:15:33:50 +0000] "GET /upload.php HTTP/1.1" 403 2023 "-" "Mozilla/5.0 AppleWebKit/537.36 (KHTML, like Gecko; compatible; GPTBot/1.2; +https://openai.com/gptbot)"
securedomain.website:80 20.171.207.209 - - [20/Aug/2025:15:33:53 +0000] "GET /banner.php HTTP/1.1" 403 2023 "-" "Mozilla/5.0 AppleWebKit/537.36 (KHTML, like Gecko; compatible; GPTBot/1.2; +https://openai.com/gptbot)"
securedomain.website:80 20.171.207.209 - - [20/Aug/2025:15:33:55 +0000] "GET /wp-xmlrpc.php HTTP/1.1" 403 2023 "-" "Mozilla/5.0 AppleWebKit/537.36 (KHTML, like Gecko; compatible; GPTBot/1.2; +https://openai.com/gptbot)"
securedomain.website:80 20.171.207.209 - - [20/Aug/2025:15:33:58 +0000] "GET /style.php HTTP/1.1" 403 2023 "-" "Mozilla/5.0 AppleWebKit/537.36 (KHTML, like Gecko; compatible; GPTBot/1.2; +https://openai.com/gptbot)"
securedomain.website:80 20.171.207.209 - - [20/Aug/2025:15:34:01 +0000] "GET /info.php HTTP/1.1" 403 2023 "-" "Mozilla/5.0 AppleWebKit/537.36 (KHTML, like Gecko; compatible; GPTBot/1.2; +https://openai.com/gptbot)"
securedomain.website:80 20.171.207.209 - - [20/Aug/2025:15:34:04 +0000] "GET /css.php HTTP/1.1" 403 2023 "-" "Mozilla/5.0 AppleWebKit/537.36 (KHTML, like Gecko; compatible; GPTBot/1.2; +https://openai.com/gptbot)"
securedomain.website:80 20.171.207.209 - - [20/Aug/2025:15:34:07 +0000] "GET /x.php HTTP/1.1" 403 2023 "-" "Mozilla/5.0 AppleWebKit/537.36 (KHTML, like Gecko; compatible; GPTBot/1.2; +https://openai.com/gptbot)"
securedomain.website:443 199.192.25.17 - - [20/Aug/2025:15:35:58 +0000] "POST /wp-cron.php?doing_wp_cron=1755704158.4728660583496093750000 HTTP/1.1" 200 0 "-" "WordPress/6.8.2; https://tankrun.com"
securedomain.website:443 20.171.207.209 - - [20/Aug/2025:15:35:58 +0000] "GET /wp-admin/admin.php?page=3Dcerber-s%3D HTTP/1.1" 404 164 "-" "Mozilla/5.0 AppleWebKit/537.36 (KHTML, like Gecko; compatible; GPTBot/1.2; +https://openai.com/gptbot)"
securedomain.website:443 20.171.207.209 - - [20/Aug/2025:15:36:01 +0000] "GET /wp-admin/admin.ph= HTTP/1.1" 200 5256 "-" "Mozilla/5.0 AppleWebKit/537.36 (KHTML, like Gecko; compatible; GPTBot/1.2; +https://openai.com/gptbot)"
securedomain.website:443 20.171.207.209 - - [20/Aug/2025:15:36:03 +0000] "GET /wp-admin/admin.php?page=3Dcerber-security&tab=3Dac%3D HTTP/1.1" 404 164 "-" "Mozilla/5.0 AppleWebKit/537.36 (KHTML, like Gecko; compatible; GPTBot/1.2; +https://openai.com/gptbot)"
securedomain.website:443 20.171.207.209 - - [20/Aug/2025:15:36:06 +0000] "GET /wp-admin/admin.php?=&page=3Dcerber-security HTTP/1.1" 404 164 "-" "Mozilla/5.0 AppleWebKit/537.36 (KHTML, like Gecko; compatible; GPTBot/1.2; +https://openai.com/gptbot)"
securedomain.website:443 20.171.207.209 - - [20/Aug/2025:15:36:08 +0000] "GET /wp-admin/admin.php?page=3Dcerber-secu%3D HTTP/1.1" 404 164 "-" "Mozilla/5.0 AppleWebKit/537.36 (KHTML, like Gecko; compatible; GPTBot/1.2; +https://openai.com/gptbot)"
securedomain.website:443 20.171.207.209 - - [20/Aug/2025:15:36:11 +0000] "GET /wp-admin/admin.php?filter_ip=66.29.146.170&page=cerber-security&tab=activity HTTP/1.1" 404 164 "-" "Mozilla/5.0 AppleWebKit/537.36 (KHTML, like Gecko; compatible; GPTBot/1.2; +https://openai.com/gptbot)"
securedomain.website:443 20.171.207.209 - - [20/Aug/2025:15:36:14 +0000] "GET /wp-admin/= HTTP/1.1" 200 5248 "-" "Mozilla/5.0 AppleWebKit/537.36 (KHTML, like Gecko; compatible; GPTBot/1.2; +https://openai.com/gptbot)"
securedomain.website:80 20.171.207.209 - - [20/Aug/2025:15:36:16 +0000] "GET /securezone/ HTTP/1.1" 302 0 "-" "Mozilla/5.0 AppleWebKit/537.36 (KHTML, like Gecko; compatible; GPTBot/1.2; +https://openai.com/gptbot)"
securedomain.website:443 20.171.207.209 - - [20/Aug/2025:15:36:17 +0000] "GET /securezone/ HTTP/1.1" 200 4656 "-" "Mozilla/5.0 AppleWebKit/537.36 (KHTML, like Gecko; compatible; GPTBot/1.2; +https://openai.com/gptbot)"
securedomain.website:443 20.171.207.209 - - [20/Aug/2025:15:36:19 +0000] "GET /wp-admin/admin.php?page=3Dcerber-security&tab= HTTP/1.1" 404 164 "-" "Mozilla/5.0 AppleWebKit/537.36 (KHTML, like Gecko; compatible; GPTBot/1.2; +https://openai.com/gptbot)"
securedomain.website:443 20.171.207.209 - - [20/Aug/2025:15:36:21 +0000] "GET /wp-admin/admin.php= HTTP/1.1" 200 5257 "-" "Mozilla/5.0 AppleWebKit/537.36 (KHTML, like Gecko; compatible; GPTBot/1.2; +https://openai.com/gptbot)"
securedomain.website:443 20.171.207.209 - - [20/Aug/2025:15:36:23 +0000] "GET /wp-admin/admin.php?page=3D%3D HTTP/1.1" 404 164 "-" "Mozilla/5.0 AppleWebKit/537.36 (KHTML, like Gecko; compatible; GPTBot/1.2; +https://openai.com/gptbot)"
securedomain.website:443 20.171.207.209 - - [20/Aug/2025:15:36:25 +0000] "GET /wp-admin/admin.php?page=3Dcerber-security&tab=3Dnotifi%3D HTTP/1.1" 404 164 "-" "Mozilla/5.0 AppleWebKit/537.36 (KHTML, like Gecko; compatible; GPTBot/1.2; +https://openai.com/gptbot)"
securedomain.website:443 20.171.207.209 - - [20/Aug/2025:15:36:27 +0000] "GET /wp= HTTP/1.1" 200 5241 "-" "Mozilla/5.0 AppleWebKit/537.36 (KHTML, like Gecko; compatible; GPTBot/1.2; +https://openai.com/gptbot)"
securedomain.website:443 20.171.207.209 - - [20/Aug/2025:15:36:28 +0000] "GET /wp-admin/admin.php?pag HTTP/1.1" 404 164 "-" "Mozilla/5.0 AppleWebKit/537.36 (KHTML, like Gecko; compatible; GPTBot/1.2; +https://openai.com/gptbot)"
securedomain.website:443 20.171.207.209 - - [20/Aug/2025:15:36:30 +0000] "GET /wp-admin/admin.php?page=3Dcerber-security&tab=3Dnot%3D HTTP/1.1" 404 164 "-" "Mozilla/5.0 AppleWebKit/537.36 (KHTML, like Gecko; compatible; GPTBot/1.2; +https://openai.com/gptbot)"
securedomain.website:443 20.171.207.209 - - [20/Aug/2025:15:36:32 +0000] "GET /wp-admin/admi= HTTP/1.1" 200 5252 "-" "Mozilla/5.0 AppleWebKit/537.36 (KHTML, like Gecko; compatible; GPTBot/1.2; +https://openai.com/gptbot)"
securedomain.website:443 20.171.207.209 - - [20/Aug/2025:15:36:33 +0000] "GET /wp-admin/admin.php?page=3Dcerber-security%3D HTTP/1.1" 404 164 "-" "Mozilla/5.0 AppleWebKit/537.36 (KHTML, like Gecko; compatible; GPTBot/1.2; +https://openai.com/gptbot)"
securedomain.website:443 20.171.207.209 - - [20/Aug/2025:15:36:35 +0000] "GET /wp-admin/plugins.php HTTP/1.1" 404 164 "-" "Mozilla/5.0 AppleWebKit/537.36 (KHTML, like Gecko; compatible; GPTBot/1.2; +https://openai.com/gptbot)"
securedomain.website:443 20.171.207.209 - - [20/Aug/2025:15:36:36 +0000] "GET /wp-admin/admin.php?page=3Dcerber-security&tab=3D%3D HTTP/1.1" 404 164 "-" "Mozilla/5.0 AppleWebKit/537.36 (KHTML, like Gecko; compatible; GPTBot/1.2; +https://openai.com/gptbot)"
securedomain.website:443 20.171.207.209 - - [20/Aug/2025:15:36:38 +0000] "GET /wp-admin/admin.php?page=3Dcerbe%3D HTTP/1.1" 404 164 "-" "Mozilla/5.0 AppleWebKit/537.36 (KHTML, like Gecko; compatible; GPTBot/1.2; +https://openai.com/gptbot)"
securedomain.website:80 199.192.25.17 - - [20/Aug/2025:15:39:14 +0000] "POST /wp-cron.php?doing_wp_cron=1755704353.6056139469146728515625 HTTP/1.1" 200 0 "-" "WordPress/6.8.2; https://tankrun.com"
securedomain.website:80 129.226.174.80 - - [20/Aug/2025:15:39:14 +0000] "GET / HTTP/1.1" 301 0 "-" "Mozilla/5.0 (iPhone; CPU iPhone OS 13_2_3 like Mac OS X) AppleWebKit/605.1.15 (KHTML, like Gecko) Version/13.0.3 Mobile/15E148 Safari/604.1"
securedomain.website:443 129.226.174.80 - - [20/Aug/2025:15:39:16 +0000] "GET / HTTP/1.1" 301 0 "http://www.tankrun.com" "Mozilla/5.0 (iPhone; CPU iPhone OS 13_2_3 like Mac OS X) AppleWebKit/605.1.15 (KHTML, like Gecko) Version/13.0.3 Mobile/15E148 Safari/604.1"
securedomain.website:443 129.226.174.80 - - [20/Aug/2025:15:39:18 +0000] "GET / HTTP/1.1" 200 5249 "https://www.tankrun.com/" "Mozilla/5.0 (iPhone; CPU iPhone OS 13_2_3 like Mac OS X) AppleWebKit/605.1.15 (KHTML, like Gecko) Version/13.0.3 Mobile/15E148 Safari/604.1"
securedomain.website:80 199.192.25.17 - - [20/Aug/2025:15:55:58 +0000] "POST /wp-cron.php?doing_wp_cron=1755705358.4760138988494873046875 HTTP/1.1" 200 0 "-" "WordPress/6.8.2; https://tankrun.com"
securedomain.website:80 103.61.17.21 - - [20/Aug/2025:15:55:58 +0000] "GET /wp-json/wp/v2/posts HTTP/1.1" 301 0 "-" "Mozilla/5.0 (Windows NT 10.0; Win64; x64) AppleWebKit/537.36 (KHTML, like Gecko) Chrome/120.0.0.0 Safari/537.36"
securedomain.website:80 199.192.25.17 - - [20/Aug/2025:15:56:21 +0000] "GET /.well-known/acme-challenge/J_RF7G9YT0AOFEV-LQY_YR8JA7PUCTOG HTTP/1.1" 200 64 "-" "Cpanel-HTTP-Client/1.0"
securedomain.website:80 199.192.25.17 - - [20/Aug/2025:15:56:32 +0000] "GET /.well-known/acme-challenge/BSG8LVNH64IOUQKREFT4HDNUZTZARX-3 HTTP/1.1" 200 64 "-" "Cpanel-HTTP-Client/1.0"
securedomain.website:80 199.192.25.17 - - [20/Aug/2025:15:56:33 +0000] "GET /.well-known/acme-challenge/T4-10F5BJ_YIHW0JI_MVPQACWFP8AOUS HTTP/1.1" 200 64 "-" "Cpanel-HTTP-Client/1.0"
securedomain.website:80 199.192.25.17 - - [20/Aug/2025:16:42:00 +0000] "POST /wp-cron.php?doing_wp_cron=1755708119.9956870079040527343750 HTTP/1.1" 200 0 "-" "WordPress/6.8.2; https://tankrun.com"
securedomain.website:80 18.181.162.187 - - [20/Aug/2025:16:42:00 +0000] "POST / HTTP/1.1" 301 0 "-" "Mozilla/5.0 (Windows NT 10.0; Win64; x64) AppleWebKit/537.36 (KHTML, like Gecko) Chrome/104.0.5112.81 Safari/537.36 Edg/104.0.1293.54"
securedomain.website:80 199.192.25.17 - - [20/Aug/2025:16:58:20 +0000] "POST /wp-cron.php?doing_wp_cron=1755709100.0711009502410888671875 HTTP/1.1" 200 0 "-" "WordPress/6.8.2; https://tankrun.com"
securedomain.website:80 150.109.46.88 - - [20/Aug/2025:16:58:20 +0000] "GET / HTTP/1.1" 301 0 "-" "Mozilla/5.0 (iPhone; CPU iPhone OS 13_2_3 like Mac OS X) AppleWebKit/605.1.15 (KHTML, like Gecko) Version/13.0.3 Mobile/15E148 Safari/604.1"
securedomain.website:443 150.109.46.88 - - [20/Aug/2025:16:58:26 +0000] "GET / HTTP/1.1" 200 5249 "http://tankrun.com" "Mozilla/5.0 (iPhone; CPU iPhone OS 13_2_3 like Mac OS X) AppleWebKit/605.1.15 (KHTML, like Gecko) Version/13.0.3 Mobile/15E148 Safari/604.1"
securedomain.website:443 199.192.25.17 - - [20/Aug/2025:17:32:07 +0000] "POST /wp-cron.php?doing_wp_cron=1755711127.0591011047363281250000 HTTP/1.1" 200 0 "-" "WordPress/6.8.2; https://tankrun.com"
securedomain.website:443 20.171.207.209 - - [20/Aug/2025:17:32:08 +0000] "GET /securezone HTTP/1.1" 200 4656 "-" "Mozilla/5.0 AppleWebKit/537.36 (KHTML, like Gecko; compatible; GPTBot/1.2; +https://openai.com/gptbot)"
securedomain.website:80 199.192.25.17 - - [20/Aug/2025:17:47:49 +0000] "POST /wp-cron.php?doing_wp_cron=1755712069.5102291107177734375000 HTTP/1.1" 200 0 "-" "WordPress/6.8.2; https://tankrun.com"
securedomain.website:80 20.171.207.209 - - [20/Aug/2025:17:47:49 +0000] "GET /plug/oem/plug.xml HTTP/1.1" 301 0 "-" "Mozilla/5.0 AppleWebKit/537.36 (KHTML, like Gecko; compatible; GPTBot/1.2; +https://openai.com/gptbot)"
securedomain.website:443 20.171.207.209 - - [20/Aug/2025:17:47:51 +0000] "GET /plug/oem/plug.xml HTTP/1.1" 200 5255 "-" "Mozilla/5.0 AppleWebKit/537.36 (KHTML, like Gecko; compatible; GPTBot/1.2; +https://openai.com/gptbot)"
securedomain.website:80 20.171.207.209 - - [20/Aug/2025:17:47:52 +0000] "GET /wp-security.php HTTP/1.1" 403 2023 "-" "Mozilla/5.0 AppleWebKit/537.36 (KHTML, like Gecko; compatible; GPTBot/1.2; +https://openai.com/gptbot)"
securedomain.website:443 199.192.25.17 - - [20/Aug/2025:17:50:44 +0000] "POST /wp-cron.php?doing_wp_cron=1755712244.0839340686798095703125 HTTP/1.1" 200 0 "-" "WordPress/6.8.2; https://tankrun.com"
securedomain.website:443 20.171.207.209 - - [20/Aug/2025:17:50:44 +0000] "GET /wp-admin/admin.php?filter_ip=192.64.117.43&page=cerber-security&tab=activity HTTP/1.1" 404 164 "-" "Mozilla/5.0 AppleWebKit/537.36 (KHTML, like Gecko; compatible; GPTBot/1.2; +https://openai.com/gptbot)"
securedomain.website:80 199.192.25.17 - - [20/Aug/2025:18:54:57 +0000] "GET /.well-known/acme-challenge/9837_C4JZ0UMY3U8HCHLYRQGV_XQ_2-Z HTTP/1.1" 200 64 "-" "Cpanel-HTTP-Client/1.0"
securedomain.website:80 199.192.25.17 - - [20/Aug/2025:18:55:08 +0000] "GET /.well-known/acme-challenge/F_-SFR3IY80AK8PSVV663-ZXBUG1G8WU HTTP/1.1" 200 64 "-" "Cpanel-HTTP-Client/1.0"
securedomain.website:80 199.192.25.17 - - [20/Aug/2025:18:55:10 +0000] "GET /.well-known/acme-challenge/5TGQGC4V90JQT4SIOS-NJFDS40FM_09M HTTP/1.1" 200 64 "-" "Cpanel-HTTP-Client/1.0"
securedomain.website:80 199.192.25.17 - - [20/Aug/2025:18:56:03 +0000] "GET /.well-known/acme-challenge/X0JNK5BMY-FGOL-BAIPSJQDOC7BFXLC4 HTTP/1.1" 200 64 "-" "Cpanel-HTTP-Client/1.0"
securedomain.website:80 199.192.25.17 - - [20/Aug/2025:18:56:03 +0000] "GET /.well-known/acme-challenge/VEYPLDADFXH47F6UZ6S4N-4UI5PVGJDS HTTP/1.1" 200 64 "-" "Cpanel-HTTP-Client/1.0"
securedomain.website:443 199.192.25.17 - - [20/Aug/2025:19:01:18 +0000] "POST /wp-cron.php?doing_wp_cron=1755716477.9183199405670166015625 HTTP/1.1" 200 0 "-" "WordPress/6.8.2; https://tankrun.com"
securedomain.website:443 91.201.115.242 - - [20/Aug/2025:19:01:18 +0000] "GET / HTTP/1.1" 200 5238 "-" "Mozilla/5.0 (Macintosh; Intel Mac OS X 10_15_7) AppleWebKit/537.36 (KHTML, like Gecko) Chrome/133.0.0.0 Safari/537.36"
securedomain.website:443 199.192.25.17 - - [20/Aug/2025:19:18:34 +0000] "POST /wp-cron.php?doing_wp_cron=1755717514.2751650810241699218750 HTTP/1.1" 200 0 "-" "WordPress/6.8.2; https://tankrun.com"
securedomain.website:443 20.171.207.154 - - [20/Aug/2025:19:18:41 +0000] "GET / HTTP/1.1" 200 5243 "-" "Mozilla/5.0 AppleWebKit/537.36 (KHTML, like Gecko; compatible; GPTBot/1.2; +https://openai.com/gptbot)"
securedomain.website:443 199.192.25.17 - - [20/Aug/2025:19:59:52 +0000] "POST /wp-cron.php?doing_wp_cron=1755719992.3745939731597900390625 HTTP/1.1" 200 0 "-" "WordPress/6.8.2; https://tankrun.com"
securedomain.website:443 199.192.25.17 - - [20/Aug/2025:20:00:00 +0000] "POST /wp-cron.php?doing_wp_cron=1755720000.4248430728912353515625 HTTP/1.1" 200 0 "-" "WordPress/6.8.2; https://tankrun.com"
securedomain.website:443 20.171.207.16 - - [20/Aug/2025:20:00:09 +0000] "GET / HTTP/1.1" 200 5277 "-" "Mozilla/5.0 AppleWebKit/537.36 (KHTML, like Gecko; compatible; GPTBot/1.2; +https://openai.com/gptbot)"
securedomain.website:80 199.192.25.17 - - [20/Aug/2025:20:23:43 +0000] "POST /wp-cron.php?doing_wp_cron=1755721423.5608930587768554687500 HTTP/1.1" 200 0 "-" "WordPress/6.8.2; https://tankrun.com"
securedomain.website:80 185.241.208.213 - - [20/Aug/2025:20:23:43 +0000] "GET / HTTP/1.1" 301 0 "-" "-"
securedomain.website:443 185.241.208.213 - - [20/Aug/2025:20:23:45 +0000] "GET / HTTP/1.1" 200 5238 "-" "-"
securedomain.website:443 185.241.208.213 - - [20/Aug/2025:20:23:45 +0000] "GET /wp-admin/install.php HTTP/1.1" 200 1193 "-" "-"
securedomain.website:443 185.241.208.213 - - [20/Aug/2025:20:23:46 +0000] "GET /wp-admin/setup-config.php HTTP/1.1" 409 2677 "-" "-"
securedomain.website:443 51.89.8.15 - - [20/Aug/2025:20:53:25 +0000] "GET /blog-verify HTTP/1.1" 200 5249 "-" "Mozilla/5.0 (Windows NT 10.0; Win64; x64) AppleWebKit/537.36 (KHTML, like Gecko) Chrome/127.0.0.0 Safari/537.36"
securedomain.website:443 199.192.25.17 - - [20/Aug/2025:20:53:26 +0000] "POST /wp-cron.php?doing_wp_cron=1755723205.7544989585876464843750 HTTP/1.1" 200 0 "-" "WordPress/6.8.2; https://tankrun.com"
securedomain.website:443 51.89.8.15 - - [20/Aug/2025:20:53:26 +0000] "GET /wp-content/plugins/cf-image-resizing/assets/feedback.css HTTP/1.1" 200 5294 "-" "Mozilla/5.0 (Windows NT 10.0; Win64; x64) AppleWebKit/537.36 (KHTML, like Gecko) Chrome/127.0.0.0 Safari/537.36"
Sindbad File Manager Version 1.0, Coded By Sindbad EG ~ The Terrorists